o) be the second derivative of o**4/12 - o**3/6 + 2*o**2 - 4*o. Calculate s(0).
4
Let o(k) = -12*k**2 + k + 1. Let i be 1/(-2) + (-1 + -9)/20. Determine o(i).
-12
Let l(j) = -6*j**3 - 5*j**2 + 6. Let g(d) = 1 + 6*d - 6*d - d**2 + 0*d**2. Let t(v) = -5*g(v) + l(v). What is t(-1)?
7
Let n(m) = 2*m - 3. Let t be (-2 - -2)*1/2. Let g be (-1 + -2)/(-1 - t). What is n(g)?
3
Let b(y) = y**3 + y - 3. Let h be 4/2 - (-1 + -1). Suppose -h*q + 20 = q + 2*g, 3*q - 2*g - 12 = 0. Suppose 0 = s - q*s. What is b(s)?
-3
Let l(r) = 2*r - 5. Let a(n) = -n**3 + 5*n**2 - n - 1. Let p be a(5). Let s be 76/18 - p/(-27). Calculate l(s).
3
Let r(f) be the first derivative of 2*f**3 - f - 1. Let w = 1 + -5. Let q be (-6)/(-10) + w/(-10). What is r(q)?
5
Let t(d) = -d**2 - 3*d + 1. Suppose -36 = 24*p + 36. What is t(p)?
1
Suppose 5 - 2 = 3*j. Let i(n) = -6 + 2*n + j + n - 4*n. Give i(-4).
-1
Let q(n) = n**2 + 14*n - 2. Let g be q(-14). Let y(z) = 5*z + 3. Determine y(g).
-7
Let b(g) = g**2 - 6*g - 1. Let w(u) = 3*u - 6. Let f be w(4). What is b(f)?
-1
Let p be 1/(2/8 + (-1)/(-4)). Let o(y) be the second derivative of -y**2 + 0 + p*y - 1/6*y**3. Calculate o(-4).
2
Let z(a) = -4*a**2 - 6*a + 4. Let g(t) = -5*t**2 - 5*t + 3. Let l(q) = -5*g(q) + 4*z(q). Let s = -5 + 4. Determine l(s).
9
Let q = 0 + -1. Let o(r) be the first derivative of 5*r**4/4 + r**3/3 + r**2 + r + 2. What is o(q)?
-5
Let q(s) be the first derivative of 1/2*s**3 - 3/2*s**2 - 4 + 4*s + 1/20*s**5 - 1/4*s**4. Let z(h) be the first derivative of q(h). What is z(2)?
-1
Let c(j) be the second derivative of j**4/4 + j**3/2 + j**2 + 16*j. Give c(-3).
20
Suppose 3 + 7 = 5*b. Let a(p) = 2*p**3 - 3*p - 4 + 0*p**3 + p**b + 3. Let j = 3 - 5. Determine a(j).
-7
Let g be (-6 - 2)*(-6 + 5). Let s(f) = f**3 - 8*f**2 - f + 10. Give s(g).
2
Let w be 6/21*(14 + 7). Let t(a) be the third derivative of -a**4/24 + a**3/2 + 2*a**2. Determine t(w).
-3
Suppose -3*h + 7*h - 14 = -2*c, h + 2*c - 2 = 0. Suppose -24 = -5*r - h*v - 4, r - v = -5. Let n = r + -3. Let i(p) = p**3 + 3*p**2 - p - 4. Calculate i(n).
-1
Let q(k) = k**2 - 3*k + 2. Suppose 2*h + 2*h - 12 = 0. Let j be q(h). Let b(v) = -1 - 3 + 5*v**j + 5 + 2*v - v**2. What is b(-1)?
3
Let d(r) = 2*r. Let c = -7 - -19. Let o be ((-3)/c)/(1/(-4)). Determine d(o).
2
Let b(u) = -14 + 14 - u. Let h be b(-4). Let x(j) = j**2 - 5*j + 1. Determine x(h).
-3
Let n(c) = c**3 - 4*c**2 + 3*c - 1. Let y be (7/2)/7*4. Let q be n(y). Let w(x) = -x - 3. Determine w(q).
0
Suppose -22 = -16*v + 5*v. Let c(n) = 3*n - 2. Determine c(v).
4
Let i(r) = r - 3. Suppose 0 = 8*u - 16*u + 48. Give i(u).
3
Let t(m) = m**2 + 4*m - 1. Suppose 0 = -3*n + 4*n + 1. Let s = 3 - n. Suppose s = -v + 1. What is t(v)?
-4
Let l be (2/(-5))/(2/(-10)). Let u(g) = l*g + 0*g + 0*g - 3 - 3*g. Give u(-5).
2
Let j(v) = -v**2 - 2*v - 2. Suppose 0 = z + 2*s - 0*s - 8, -z = s - 9. Let q = z - 14. Determine j(q).
-10
Let i be 3/(4*5/20). Let b(o) be the third derivative of o**5/60 - o**4/24 - o**3/2 - 3*o**2. What is b(i)?
3
Suppose 3*b + 0*b = 27. Let x = 4 - b. Let t(u) be the first derivative of u**3/3 + 5*u**2/2 + 2*u - 2. Calculate t(x).
2
Let u(x) = x. Let w(n) = -4*n - 1. Let y(j) = 5*u(j) + w(j). Let p = -6 - -9. Suppose 0 = 3*r + 3*i + 9, p*r = -4*i - 12 - 0. What is y(r)?
-1
Let d(h) = -4*h - 6 - 3*h - 4*h**2 + 3*h**2. Let s be 4/6*(1 + -10). Give d(s).
0
Let z(q) = 2*q**2 + 3*q - 5. Let n be (8/6)/(7/(-3) - -2). What is z(n)?
15
Let c = 90 - 95. Suppose k = -2 + 5. Let o(w) = 3*w**2 + 4 - k + 5*w - 2*w**2. Calculate o(c).
1
Let h(z) = -z**2 - 6*z - 6. Let b = 11 + -10. Let r(v) = -4*v - 1. Let g be r(b). Determine h(g).
-1
Suppose -3*k + 4*z + 7 = -6*k, -k = 4*z + 13. Let o(h) be the second derivative of h**5/60 - h**3/3 - h. Let w(d) be the second derivative of o(d). Give w(k).
6
Let j(a) = -a - 3. Let t be j(-3). Let y = -15 + 35. Let c(f) = 4*f - 3*f + 5 - y*f**2 + 21*f**2. Determine c(t).
5
Let t(v) = 2*v**2 + v - 6. Let p(w) = -w**2 + 3. Let k(i) = -5*p(i) - 2*t(i). Determine k(4).
5
Let k = -3 - -6. Let x(o) = o**3 - 3*o**2 + 2. What is x(k)?
2
Suppose 3 = -2*n - 1. Let u(p) = -3*p**3 + 3*p + 2. Give u(n).
20
Suppose 9*u + 28 - 10 = 0. Let q(m) = -3*m**3 - m**2 + 3*m + 2. Give q(u).
16
Let p(d) = 0*d + 11*d - 9*d**2 + d**3 - 6 - 2*d. Give p(8).
2
Let c(b) = b**3 + 2*b**2 + b - 3. Let x(q) = -q**3 - 2*q**2 + 3. Let h(l) = -2*c(l) - 3*x(l). What is h(-3)?
-6
Let i(y) = 24*y + 12*y**2 - 6 - 23*y - y**3 - 11*y**2. Calculate i(0).
-6
Let f(s) be the first derivative of -s**4/4 - s**3/3 + s - 3. Give f(1).
-1
Suppose 79 = c + 75. Let a(m) = 6 - 2*m**3 + 3*m**2 - 5*m + m**3 + 2*m**2. Determine a(c).
2
Suppose 3*f + 8 = 2*f - 3*j, 0 = -3*f - j. Let u(l) = 7 + 29*l + 1 + 0. Let n(s) = 10*s + 3. Let y(k) = -11*n(k) + 4*u(k). Determine y(f).
5
Let m(l) = -l**3 + l**2 + 2*l + 2. Suppose -7 = -3*v + 2. Let u be 3/2*(-4)/v. Give m(u).
10
Let b(g) be the first derivative of -g**2 - 7. Let q(o) be the first derivative of -o**3/3 + 7*o**2/2 + 9*o - 1. Let l be q(8). Calculate b(l).
-2
Let m(j) = j**3 + 3*j**2 - 1. Let k be m(-2). Suppose -k*t + t - 2 = 0. Let s(f) = 8*f**2. What is s(t)?
8
Let a(z) = -z**2 + 2*z + 1. Suppose g = -0 + 2. Let u = -1 - 2. Let x = u + g. Determine a(x).
-2
Let d = -22 + 27. Let b(s) = -s**2 + 8*s - 7. Determine b(d).
8
Let p be 5 - ((-4)/2 + 0). Suppose -p = -2*l - 1. Suppose -5*t = 4*s + 13, 2 = 5*s + 2*t - l. Let m(w) = -w - 3. What is m(s)?
-6
Let w(q) = -q - 3. Suppose 2*l - 100 = -3*l. Let u = 1 + l. Let x be (-99)/u + (-4)/14. What is w(x)?
2
Let o(m) = m + 10. Let h be -8 + 10 + -1*9. What is o(h)?
3
Let x(i) = -6*i**2 + i. Let a be x(1). Let j(p) = p**2 + 7*p + 4. Calculate j(a).
-6
Let p(r) = r**2 - 6*r + 3. Suppose 3*t = t + 18. Suppose t = -2*s - 3. Let i = -2 - s. Give p(i).
-5
Let l(y) be the third derivative of y**6/120 + y**5/30 + y**4/24 + y**3/3 + y**2. Suppose -2*u = -15 - 7. Suppose -3 + u = -4*d. What is l(d)?
0
Let f(b) be the second derivative of b**5/20 - 5*b**4/12 + b**3/6 + b**2/2 + 3*b - 9. Suppose 3*n = 6 + 9. Give f(n).
6
Let s(o) = -51*o**2 + 6 + 47*o**2 + 0*o + 6*o - o**3. Calculate s(-5).
1
Let j(g) = 2*g + 2. Let q(d) = -4*d - 1. Let s(c) = 1. Let f(t) = q(t) - 2*s(t). Let m(z) = -6*f(z) - 11*j(z). Give m(5).
6
Let a(t) = -2*t. Let h be (-3)/(-9) + 14/(-6). Give a(h).
4
Let v(d) be the first derivative of -d**4/3 - 2*d**3/3 - 3*d**2/2 + 3*d - 6. Let b(z) be the first derivative of v(z). Determine b(-2).
-11
Let f(y) = -y**3 + 3*y**2 - y + 1. Let q be 3/(4 - 25/10). What is f(q)?
3
Let n(f) = 2*f**2 + 2*f**2 - 4*f - f**2 - 4*f**2 - 1. Determine n(-2).
3
Let v(t) = -t - 4. Let j(a) = 4*a**3 - a**2 - a - 1. Let y be j(-1). Let u be v(y). Let h(n) be the first derivative of 5*n**3/3 + n - 3. Determine h(u).
6
Suppose 0 = 5*u + 15, -j = -4*u - 3 - 9. Suppose l + 8 = 5*y, -2*y + l - 3 = -5. Let s(r) = 6 + j*r**y + 4*r**3 - 6*r**2 - 5*r**3 + 2*r**3 + 5*r. Give s(5).
6
Let f(h) = -2*h + 5. Let v be f(5). Let g(t) = 2. Let i(p) = 2 + 0*p + 5*p - 3*p - 3*p. Let b(j) = -3*g(j) + 2*i(j). Calculate b(v).
8
Let f(l) = -l**3 - 3*l**2 - l + 3. Let w be f(-3). Let o be (6/(-5))/(w/(-15)). Let u(q) = -o*q**3 - 2*q + 1 + 2*q**3 + q. What is u(1)?
-1
Let s(b) = -4*b**3 - 9*b**2 + b + 2. Let w(v) be the second derivative of 3*v**5/20 + 2*v**4/3 - v**2 - v. Let n(a) = 4*s(a) + 5*w(a). Determine n(5).
-7
Let p(j) be the second derivative of -j + j**2 + 0 - 1/3*j**3 + 1/12*j**4. Let m be (-41)/(-13) - -4*(-2)/52. What is p(m)?
5
Let i(v) = -v - 2. Let f be 0 + 1 + 0 + -16. Let q = 9 + f. Calculate i(q).
4
Let h(p) = p + 15 + 2 - 13. What is h(-3)?
1
Let i(u) = -u. Let a be (3/4)/(1/4). Determine i(a).
-3
Let i(c) = 10*c**2 - c - 3. Let y(r) = r**2. Let t(b) = -i(b) + 5*y(b). Let f(g) = -4*g**2 + 3. Let v(k) = -4*f(k) + 3*t(k). Let s = -1 + -2. Calculate v(s).
-3
Let x(f) = -2*f - 38. Let s(m) = -m - 25. Let p(l) = 8*s(l) - 5*x(l). Give p(7).
4
Let d(r) = 5 + r - 5. Let b = -5 + 4. Let g be (-2)/((b - -2) + 1). Determine d(g).
-1
Let h(a) = a - 5. Let i(d) = -d**3 - 9*d**2 + 9*d - 9. Let v be i(-10). Let s = 4 + v. What is h(s)?
0
Let v = 13 - 19. Let o(c) = -c**2 - 9*c - 3. What is o(v)?
15
Let x(i) be the second derivative of -i**3/6 + 6*i**2 + 2*i. Let q(t) = -t**2 - 8*t - 7. Let v